se 14, what is 31c4 + 8?
31cc
In base 12, what is -42 + 539?
4b7
In base 10, what is 2 + 112763?
112765
In base 16, what is -3 - -7a2f?
7a2c
In base 11, what is -4 - 59596?
-5959a
In base 11, what is 1118 - -234?
1351
In base 6, what is 4 + -450504?
-450500
In base 12, what is -1 - -42196?
42195
In base 6, what is 10 - 23415?
-23405
In base 11, what is 5a2 - -2695?
3187
In base 13, what is -353 - 5c1?
-944
In base 14, what is 64cc - 1?
64cb
In base 15, what is 5 + -9b?
-96
In base 2, what is -11000110100100 + 101?
-11000110011111
In base 12, what is -19 - -3b52?
3b35
In base 14, what is -18d50 - -1?
-18d4d
In base 8, what is 273 - 36151?
-35656
In base 5, what is -3 + -402122?
-402130
In base 8, what is 260 + -5?
253
In base 6, what is -1335 - 14444?
-20223
In base 2, what is 1 - -1100011101111?
1100011110000
In base 9, what is 1882 + 346?
2338
In base 14, what is 83 + 11c7?
126a
In base 9, what is -3 - -841383?
841380
In base 8, what is 645 - -754?
1621
In base 12, what is -3 - 4665?
-4668
In base 9, what is 3 + 168410?
168413
In base 13, what is 1789 - 761?
1028
In base 7, what is -125 - -4?
-121
In base 15, what is -1b - -1d975?
1d959
In base 9, what is -8 + 1277?
1268
In base 15, what is -5 - -32d6d?
32d68
In base 12, what is -2a - 6aa26?
-6aa54
In base 7, what is -32 - 42561?
-42623
In base 4, what is -1032330 + -3011?
-1102001
In base 9, what is 20 - -2754?
2774
In base 12, what is 3 - 125600?
-1255b9
In base 10, what is 296 - -123?
419
In base 13, what is -38 + -2806?
-2841
In base 16, what is -1a + -974?
-98e
In base 14, what is 82c + 20?
84c
In base 11, what is 132 + -2934?
-2802
In base 2, what is -1001110 - -101100100110?
101011011000
In base 8, what is -2 + -300346?
-300350
In base 13, what is 4 - 177ccb?
-177cc7
In base 5, what is 1 - -21402?
21403
In base 16, what is -4be7 - -c?
-4bdb
In base 10, what is -4 - 74564?
-74568
In base 11, what is 2 + 392956?
392958
In base 13, what is 411 + a?
41b
In base 14, what is 1 + -106c4?
-106c3
In base 3, what is 2 - 210212112?
-210212110
In base 7, what is -5202 - 31?
-5233
In base 7, what is 2 + -1030101?
-1030066
In base 12, what is -52 - -217a?
2128
In base 7, what is -1646 + -12463?
-14442
In base 15, what is -1490b + -4?
-14910
In base 12, what is 7b14 + 0?
7b14
In base 15, what is 2 - -124a1?
124a3
In base 9, what is 1437300 + -1?
1437288
In base 10, what is 5 + -439097?
-439092
In base 11, what is 4131927 + -1?
4131926
In base 5, what is 11311 + 1032?
12343
In base 8, what is 262 - 3463?
-3201
In base 16, what is -1f84 + -13?
-1f97
In base 4, what is -13211033 + -133?
-13211232
In base 3, what is -21121201 - -101?
-21121100
In base 10, what is 1703 - -28?
1731
In base 11, what is -459 + -11?
-46a
In base 13, what is 36b346 + 2?
36b348
In base 15, what is -273 + -174?
-3e7
In base 8, what is 0 + -155757?
-155757
In base 6, what is -23 - -40230?
40203
In base 4, what is 21 + 2002120?
2002201
In base 7, what is -13211 - 132?
-13343
In base 5, what is 10120 + -11?
10104
In base 15, what is 85 + 1789?
181e
In base 13, what is -2540 - -8?
-2535
In base 4, what is -13010133 - 10?
-13010203
In base 10, what is 15724 + -4?
15720
In base 7, what is -45 + -2244?
-2322
In base 9, what is 1 + 436310?
436311
In base 8, what is 312 + 2577?
3111
In base 15, what is 5c + -3d5?
-378
In base 16, what is 5 + 799e?
79a3
In base 11, what is 1 + -3391?
-3390
In base 10, what is 0 - 75430?
-75430
In base 11, what is -4133 + -13?
-4146
In base 10, what is -48865 + 3?
-48862
In base 8, what is -537 - -250?
-267
In base 13, what is -21318 - -1c?
-212c9
In base 7, what is 0 - -2205652?
2205652
In base 15, what is -2a2 + -1782?
-1a34
In base 11, what is -4 + 8267?
8263
In base 8, what is -2625 + 324?
-2301
In base 6, what is 500 + -512?
-12
In base 11, what is -6 + -37398?
-373a3
In base 3, what is 0 + -101200112220?
-101200112220
In base 16, what is -2c03b - -1?
-2c03a
In base 4, what is -322110 + -3223?
-331333
In base 16, what is 2 - -c0d?
c0f
In base 7, what is 463 + -60?
403
In base 2, what is -10101110 + 1100101?
-1001001
In base 8, what is 242 + 544?
1006
In base 14, what is -20 + -89b4d?
-89b6d
In base 11, what is 1297 - 74?
1223
In base 12, what is -222 + 1155?
b33
In base 4, what is -111 - -233021?
232310
In base 8, what is -2633104 - 5?
-2633111
In base 13, what is 176 - 1c3?
-4a
In base 3, what is -11 - -1102001011201?
1102001011120
In base 2, what is -1111001011010111110101 + 10?
-1111001011010111110011
In base 13, what is 6 - 1a1288?
-1a1282
In base 15, what is 292813 - -2?
292815
In base 4, what is -11 - 220321031?
-220321102
In base 7, what is 231264 - 10?
231254
In base 10, what is -39 + 2779?
2740
In base 10, what is 13 + 1868?
1881
In base 14, what is 8717 + -6a?
868b
In base 3, what is 21112021 + -110?
21111211
In base 14, what is -4 - 1078?
-107c
In base 16, what is -5ed17 - -1?
-5ed16
In base 10, what is 23217 - 4?
23213
In base 14, what is -2a794 + -2?
-2a796
In base 9, what is 6 + 100548?
100555
In base 11, what is -87 - -114?
38
In base 12, what is -1a39 - -50?
-19a9
In base 14, what is -5 + 1cb7a?
1cb75
In base 3, what is -12020202 + -12010?
-12102212
In base 11, what is 4 + 2214a?
22153
In base 11, what is -23 - 42186?
-421a9
In base 4, what is -320 - 12011121?
-12012101
In base 4, what is -220 + -10130021?
-10130301
In base 16, what is 1c - -a4?
c0
In base 13, what is 0 - -86596?
86596
In base 14, what is -2 + -11c17?
-11c19
In base 13, what is 14 + 29b0?
29c4
In base 3, what is -211210020 - 2?
-211210022
In base 13, what is 345 + -1?
344
In base 13, what is 63 + -142?
-ac
In base 8, what is -11367 + 5?
-11362
In base 15, what is 2349b + -3?
23498
In base 12, what is 4b49 + -4?
4b45
In base 2, what is -1000000010111010 + 1001?
-1000000010110001
In base 16, what is -2 + d7ff3?
d7ff1
In base 8, what is 1 - 3626?
-3625
In base 13, what is -c35 - -11a?
-b18
In base 9, what is 2480 + 335?
2825
In base 14, what is -38 + -68c?
-6c6
In base 13, what is 83b1 + b?
83bc
In base 12, what is 29384 - 5?
2937b
In base 3, what is -1 + 120012111?
120012110
In base 11, what is -2 - 1447?
-1449
In base 12, what is 123 + 53?
176
In base 3, what is -111102122 + -1001?
-111110200
In base 9, what is -20416 - -2?
-20414
In base 5, what is -3 - -241302?
241244
In base 3, what is 10112 + 102200111?
102211000
In base 5, what is 0 + -2214143?
-2214143
In base 4, what is 21 + 3210003?
3210030
In base 5, what is 10244210423 + 1?
10244210424
In base 9, what is 1406 - 233?
1163
In base 3, what is 2120002001 + -12?
2120001212
In base 6, what is -1130 - 21?
-1151
In base 7, what is 5 + 53501?
53506
In base 15, what is b + 54c6?
54d2
In base 7, what is -111444 - 244?
-112021
In base 7, what is -404656 + 5?
-404651
In base 4, what is -11 + -120102111?
-120102122
In base 8, what is 557152 - 2?
557150
In base 5, what is -3 - -10310123?
10310120
In base 12, what is 34 - a626?
-a5b2
In base 6, what is -112 + -11445?
-12001
In base 7, what is 1126403 - 0?
1126403
In base 13, what is -36 + 3b1?
378
In base 5, what is 3043012330 + -3?
3043012322
In base 15, what is -6 - c5a?
-c61
In base 5, what is -1 + 1024200?
1024144
In base 6, what is 4521 + -455?
4022
In base 11, what is 204 + -32?
182
In base 6, what is -5341 - 24?
-5405
In base 2, what is 1101000 + 10010110?
11111110
In base 5, what is 10 + -223103242?
-223103232
In base 4, what is 0 + -221023332?
-221023332
In base 5, what is -13 - -423101?
423033
In base 15, what is -364e - -6?
-3648
In base 6, what is -145245 + -12?
-145301
In base 2, what is 10 + 11000011110000?
11000011110010
In base 12, what is 465b + 5?
4664
In base 16, what is 6 - -f67de?
f67e4
In base 16, what is 1c - 67a?
-65e
In base 16, what is -9f + -325b?
-32fa
In base 11, what is 436 + 215?
650
In base 15, what is -c - -20ddc?
20dd0
In base 14, what is -32d + -d0b?
-123a
In base 4, what is 22 + 1002303?
1002331
In base 16, what is 456e4 - -2?
456e6
In base 13, what is -6b - b4c0?
-b55b
In base 12, what is 4 - 9707a?
-97076
In base 13, what is -4 + -1b004?
-1b008
In base 14, what is 2a5 + -8?
29b
In base 3, what is 1010010 + 112000?
1122010
In base 6, what is 23 - 104141?
-104114
In base 10, what is 1507672 - 0?
1507672
In base 16, what is -1 - -50902?
50901
In base 11, what is 3535 + -a8?
3438
In base